830 - 6819. What is the highest common factor of l and 136?
1
Suppose 4*v + 361 + 159 = 0. Let u be (v/15 - -3)*-3. Let w = u + 38. What is the greatest common factor of 22 and w?
11
Let p(i) = i**2 + 54*i + 377. Let x be p(-8). Let k = 62 - 35. Let b = k + -9. What is the highest common divisor of b and x?
9
Suppose 3*s - 27 = -0*s. Suppose 783499 = 1495*p + 70384. Calculate the greatest common factor of p and s.
9
Suppose 0 = -4*w + 114*z - 118*z + 152, -46 = -w - 5*z. What is the greatest common factor of 2151 and w?
9
Suppose 11 - 13 = -w. Suppose 0 = -w*u + 2, -d - 3*d + 43 = 3*u. Let g = 22 - d. Calculate the greatest common divisor of 4 and g.
4
Let z = -101 + 104. Suppose z*b = -7*b + 990. Suppose 0*n = 9*n - b. Calculate the highest common divisor of n and 44.
11
Suppose 6*j + 2702 = 42*j - 1330. Let u be (-21*1)/((-1)/8). What is the highest common divisor of u and j?
56
Suppose 20*m = 16*m + 80. Let b(u) = 8*u**2 + 7*u - 15. Let g be b(5). Calculate the greatest common divisor of g and m.
20
Let v be (-12 - 1)/(2/(-10)). Let a be -3*(-2 + 620/15). Let h = -105 - a. Calculate the highest common divisor of h and v.
13
Let h be 2*(586/4 + -1). Suppose 0*x - 5*x = -3*v - 619, -v + 5*x - 213 = 0. Let q = h + v. What is the greatest common divisor of q and 8?
8
Let b(k) = k**2 - 38 + 4*k + 4*k + 40. Let f be b(6). Suppose -105 = -5*p + 3*i, -4*p + 4*i = 2*i - f. Calculate the greatest common factor of 24 and p.
24
Suppose 3*p - 90 = -2*p - 5*k, -2*k = 0. Let z be 3254/p + -5 - (-6)/27. Calculate the highest common factor of 11 and z.
11
Let f = 600 + -528. Suppose -7*z + 5*z = -4. Suppose 3*h - 2*w - 22 = 0, -2*h + 19 = z*w + w. Calculate the greatest common divisor of h and f.
8
Suppose -3*b = -3*v + 624, -2*b + 242 = -3*v + 864. Let t = 220 - v. Calculate the highest common divisor of t and 7.
7
Let l be ((-90)/(-4))/((-345)/(-1656)). Suppose -25 = -m + 29. What is the greatest common factor of m and l?
54
Suppose -411*h + 11186 = -394*h. What is the highest common divisor of h and 14?
14
Suppose 4*x = -3*g + 313, -2*g - 318 = -4*x - 4*g. Let z = x + -25. Suppose 8*y - z = 135. What is the highest common divisor of 16 and y?
8
Let j = -322 - -422. What is the highest common factor of 70 and j?
10
Let f = 4 - 2. Let t be 53/f - (-1)/2. Let z = -23614 - -23617. What is the highest common factor of z and t?
3
Let a = 374 - 400. Let c be 1 + 0 - (2 + -38). Let h = a + c. Calculate the highest common factor of h and 77.
11
Let r(c) = c**2 + 2*c - 90. Let l be r(0). Let k = -74 - l. Suppose h + k*h - 1020 = 0. Calculate the highest common divisor of 90 and h.
30
Suppose -5*d = -3*k - 482, -4*k - 4*d + 8*d = 648. Let y be (-18)/45 - k/10. Let c be (150 - 4) + (-4)/2. What is the highest common divisor of y and c?
16
Suppose -13*z = 630 + 124. Let s be (2 + 1)*(-248)/(-12). Let c = z + s. What is the greatest common divisor of c and 1?
1
Let t = 416 - 421. Let n be (t/7 + 1)/(11/385). What is the greatest common factor of n and 110?
10
Let j be (-9848)/12*1005/(-134). What is the greatest common factor of j and 5?
5
Let b = 176 - 394. Let g = 394 - 85. Let c = b + g. Calculate the highest common divisor of c and 7.
7
Let x be 18*(-8 - 1180/(-72)). Calculate the highest common factor of 12533 and x.
151
Suppose -569 - 182 = -84*c + 173. Calculate the highest common factor of c and 1364.
11
Let g(c) = -23*c - c**2 + 150 + 55*c + 0*c**2 - 47*c. Let t be g(-20). What is the greatest common divisor of 20 and t?
10
Suppose -2*z - 694 = -4*r, -5*r + 128*z - 131*z + 873 = 0. Calculate the highest common factor of 54 and r.
6
Let l(w) = w**2 + 350*w + 6655. Let n be l(-20). What is the greatest common divisor of 1111 and n?
11
Suppose 0 = 2*t + t + 225. Let s be -51 - (6 + 2)/(-4). Let j = s - t. What is the greatest common divisor of j and 39?
13
Let x(a) = 11*a**2 - 8*a + 66. Let t be x(6). Let q = t + -238. Calculate the highest common factor of 132 and q.
44
Suppose -1 + 5 = -2*m, -6 = -y + 4*m. Let g be (48/(-9))/(y*(-5)/(-30)). Let s be (-96)/9*(-9)/4. Calculate the highest common divisor of s and g.
8
Let u be 14 - 8/(-64)*-116 - 16402/(-4). Calculate the highest common divisor of u and 328.
164
Let d be (2/6)/(10/44850). Suppose 0 = 4*k + 20, -2*y - 3*k - d = -3*y. Suppose 2*q + 6*q = y. What is the greatest common factor of q and 74?
37
Suppose 2*u = 11 - 9. Let j = 17 + u. Let o be j/6*7/3. What is the greatest common factor of o and 14?
7
Suppose 0*d - 5*k = -2*d + 6, 3*k + 2 = d. Suppose 4*i - 3*f + 10 = 19, -2*f = -10. Let p be (3/i)/(11/880). Calculate the highest common factor of d and p.
8
Suppose 5*c + 2*m + 215 = -1586, 1807 = -5*c - 4*m. Let t = c - -527. What is the greatest common factor of t and 42?
42
Let u = 142 + -138. Let d be 249/5 + 114/(-30) + u. Calculate the highest common factor of d and 2.
2
Let o(t) = 93*t + 190. Let r be o(-2). Calculate the highest common factor of r and 316.
4
Suppose -26*l + 1980 = 19*l. Suppose -40*i + 5*c = -l*i + 384, 5*i = -c + 459. What is the highest common divisor of 13 and i?
13
Suppose 28 = 3*p - 0*l - 4*l, 4*p = -5*l - 4. Let w be 2410/45 + (-1)/((-9)/p). Calculate the greatest common divisor of w and 36.
18
Let u(s) = 2*s**3 - 86*s**2 + 174*s - 10. Let i be u(41). Calculate the highest common factor of i and 32.
16
Suppose -4*f + 111 = 5*i, i - 47 = -i + f. Let l(o) = o + 89. Let k be l(i). What is the greatest common divisor of k and 16?
16
Let j(f) = -12*f**2 - 2*f - 13. Let a be j(4). Let h = a + 217. Let b(s) = 6*s - 8. Let m be b(6). Calculate the greatest common divisor of h and m.
4
Let u be -4 + (7 - -3) + -4 + 0. Suppose 5*x - 17 - 2 = -u*k, 0 = 3*x - 3. What is the highest common factor of k and 224?
7
Let k = -4299 - -4542. Calculate the highest common factor of k and 2025.
81
Let s = -102 + 103. Let v be (65*10/(-15))/((-2)/3). Let r = v - 63. What is the highest common factor of s and r?
1
Let v = 194 + -138. Suppose 2*o = -0 + 100. Let a = v - o. What is the highest common divisor of a and 6?
6
Let d = -3470 - -3561. Calculate the highest common divisor of 13 and d.
13
Let x = -6 - -8. Let i be 28/182 - ((-16)/26)/(-4). Suppose i = -x*p + 2*k + 374, -5*p + 7*p - 4*k = 370. What is the greatest common divisor of 27 and p?
27
Let l be (-252)/(-54) - (-2)/(-3). Suppose l*q + 20 = -16. Let k be (-8)/6*(q - -3). Calculate the highest common factor of k and 72.
8
Suppose 414 = -160*z + 183*z. What is the highest common divisor of z and 351?
9
Suppose 5*w - 2*z = 3354, w - 663 = 2*z + z. Suppose -k - w = -4*s, 2*k - 21 = s - 189. What is the greatest common factor of 7 and s?
7
Suppose 0 = 5*l - 4*d - 99, l + 3*d + 7 - 23 = 0. Suppose -l*c + 24*c - 770 = 0. Calculate the greatest common divisor of 14 and c.
14
Suppose 472*v - 2000 = 422*v. What is the greatest common factor of 910 and v?
10
Let u be ((16/40)/((-8)/90))/(9/(-1212)). Calculate the highest common divisor of u and 12.
6
Let t(s) = -s + 7. Let g be t(2). Suppose -2*k - 4*p + 290 = 0, -g*k + p + 655 = -3*p. Suppose -4*h + 9*h = k. What is the greatest common factor of 3 and h?
3
Let w(a) = 4 + 8 + 31*a**2 - 12 - 14*a**2. Let g be w(2). Calculate the greatest common divisor of g and 289.
17
Let i be (15 + -26)*16/(-44). Let s(r) = r**2 - r + 4. Let z be s(3). Calculate the highest common divisor of i and z.
2
Suppose 4 = 2*s, 0*g + 4*g - s - 754 = 0. Let b be 51/18*6 - 3. Calculate the highest common factor of g and b.
7
Suppose -m + 197 = -j, 11*j - 824 = -4*m + 6*j. Let a = m + 87. Calculate the greatest common divisor of 32 and a.
32
Suppose -4333 = 6*f - 9*f - 4*i, 3*f - 4*i = 4325. What is the highest common factor of f and 39?
39
Let t(q) = 14*q**2 + 1400*q + 10. Let o be t(-100). What is the highest common factor of o and 646?
2
Let p = 7200 - -1182. What is the highest common factor of p and 198?
66
Let n be -8 - 4*((-7191)/(-18))/(-17). Calculate the greatest common divisor of 301 and n.
43
Let w = -10621 + 11048. Calculate the greatest common factor of w and 61.
61
Let y be ((0 - 3)*4)/((-40)/920). Let v be ((-3)/(-9))/(2/y). Calculate the greatest common factor of 207 and v.
23
Let z(v) = 506*v - 263. Let f be z(1). What is the greatest common divisor of 54189 and f?
243
Let m be 118 + (1780/(-200) - (-3)/